ds digit of 7835?
7
What is the units digit of 704?
4
What is the thousands digit of 3709?
3
What is the units digit of 1165?
5
What is the thousands digit of 29209?
9
What is the thousands digit of 48909?
8
What is the hundreds digit of 6815?
8
What is the hundreds digit of 3078?
0
What is the tens digit of 9122?
2
What is the tens digit of 839?
3
What is the units digit of 751?
1
What is the tens digit of 24219?
1
What is the units digit of 339?
9
What is the thousands digit of 8182?
8
What is the thousands digit of 1863?
1
What is the thousands digit of 1552?
1
What is the ten thousands digit of 71106?
7
What is the units digit of 2268?
8
What is the thousands digit of 1397?
1
What is the units digit of 322?
2
What is the hundreds digit of 21347?
3
What is the tens digit of 5111?
1
What is the thousands digit of 1240?
1
What is the hundreds digit of 363?
3
What is the units digit of 6869?
9
What is the ten thousands digit of 49479?
4
What is the units digit of 830?
0
What is the tens digit of 4134?
3
What is the units digit of 310?
0
What is the thousands digit of 14261?
4
What is the thousands digit of 2761?
2
What is the tens digit of 1931?
3
What is the hundreds digit of 666?
6
What is the ten thousands digit of 68981?
6
What is the units digit of 35132?
2
What is the hundreds digit of 8309?
3
What is the thousands digit of 1122?
1
What is the hundreds digit of 383?
3
What is the hundreds digit of 2080?
0
What is the hundreds digit of 20276?
2
What is the units digit of 2366?
6
What is the thousands digit of 9898?
9
What is the hundreds digit of 5157?
1
What is the tens digit of 460?
6
What is the hundreds digit of 649?
6
What is the hundreds digit of 939?
9
What is the hundreds digit of 1614?
6
What is the thousands digit of 48067?
8
What is the hundreds digit of 280?
2
What is the tens digit of 32953?
5
What is the hundreds digit of 816?
8
What is the hundreds digit of 1768?
7
What is the units digit of 1430?
0
What is the tens digit of 4898?
9
What is the tens digit of 11095?
9
What is the tens digit of 15780?
8
What is the units digit of 17396?
6
What is the tens digit of 682?
8
What is the tens digit of 4184?
8
What is the hundreds digit of 6725?
7
What is the units digit of 50?
0
What is the tens digit of 22630?
3
What is the ten thousands digit of 86187?
8
What is the hundreds digit of 2411?
4
What is the tens digit of 7194?
9
What is the tens digit of 2430?
3
What is the tens digit of 11?
1
What is the units digit of 7993?
3
What is the tens digit of 9728?
2
What is the tens digit of 572?
7
What is the units digit of 7520?
0
What is the hundreds digit of 24742?
7
What is the ten thousands digit of 47021?
4
What is the thousands digit of 9351?
9
What is the hundreds digit of 13624?
6
What is the ten thousands digit of 77824?
7
What is the ten thousands digit of 23702?
2
What is the hundreds digit of 766?
7
What is the units digit of 171?
1
What is the hundreds digit of 10856?
8
What is the thousands digit of 79340?
9
What is the tens digit of 14492?
9
What is the units digit of 14066?
6
What is the hundreds digit of 3934?
9
What is the thousands digit of 7653?
7
What is the hundreds digit of 829?
8
What is the thousands digit of 6808?
6
What is the thousands digit of 14189?
4
What is the hundreds digit of 687?
6
What is the units digit of 796?
6
What is the units digit of 108716?
6
What is the tens digit of 1155?
5
What is the ten thousands digit of 27009?
2
What is the tens digit of 737?
3
What is the tens digit of 1252?
5
What is the hundreds digit of 38947?
9
What is the units digit of 483?
3
What is the tens digit of 13818?
1
What is the units digit of 90968?
8
What is the ten thousands digit of 16570?
1
What is the hundred thousands digit of 110856?
1
What is the units digit of 2429?
9
What is the tens digit of 4446?
4
What is the hundreds digit of 28167?
1
What is the units digit of 84004?
4
What is the hundreds digit of 31413?
4
What is the ten thousands digit of 98291?
9
What is the tens digit of 3423?
2
What is the thousands digit of 1363?
1
What is the thousands digit of 57489?
7
What is the tens digit of 4826?
2
What is the units digit of 16589?
9
What is the hundreds digit of 293?
2
What is the hundreds digit of 682?
6
What is the tens digit of 7392?
9
What is the tens digit of 44650?
5
What is the thousands digit of 83561?
3
What is the hundreds digit of 5417?
4
What is the tens digit of 1305?
0
What is the thousands digit of 1043?
1
What is the thousands digit of 91889?
1
What is the units digit of 17516?
6
What is the hundreds digit of 633?
6
What is the tens digit of 24608?
0
What is the units digit of 15652?
2
What is the units digit of 1310?
0
What is the thousands digit of 26820?
6
What is the tens digit of 501?
0
What is the tens digit of 39704?
0
What is the thousands digit of 1293?
1
What is the hundreds digit of 1771?
7
What is the units digit of 23549?
9
What is the tens digit of 11?
1
What is the units digit of 111167?
7
What is the tens digit of 3347?
4
What is the units digit of 15265?
5
What is the tens digit of 2225?
2
What is the tens digit of 155812?
1
What is the units digit of 730?
0
What is the tens digit of 142739?
3
What is the units digit of 644?
4
What is the ten thousands digit of 10641?
1
What is the tens digit of 849?
4
What is the units digit of 1902?
2
What is the units digit of 24011?
1
What is the tens digit of 37?
3
What is the tens digit of 1348?
4
What is the hundreds digit of 29506?
5
What is the tens digit of 7271?
7
What is the units digit of 2046?
6
What is the units digit of 843?
3
What is the hundreds digit of 41565?
5
What is the tens digit of 31805?
0
What is the units digit of 15535?
5
What is the ten thousands digit of 13650?
1
What is the thousands digit of 55853?
5
What is the hundreds digit of 1447?
4
What is the tens digit of 4096?
9
What is the units digit of 246?
6
What is the hundreds digit of 9699?
6
What is the tens digit of 2824?
2
What is the hundreds digit of 958?
9
What is the tens digit of 2122?
2
What is the hundreds digit of 4694?
6
What is the tens digit of 5492?
9
What is the units digit of 30536?
6
What is the tens digit of 1577?
7
What is the units digit of 43168?
8
What is the ten thousands digit of 44382?
4
What is the tens digit of 16?
1
What is the hundreds digit of 4490?
4
What is the hundreds digit of 15025?
0
What is the units digit of 222?
2
What is the ten thousands digit of 38716?
3
What is the units digit of 47255?
5
What is the units digit of 3251?
1
What is the thousands digit of 1908?
1
What is the ten thousands digit of 20968?
2
What is the hundreds digit of 1169?
1
What is the thousands digit of 6158?
6
What is the hundreds digit of 87033?
0
What is the ten thousands digit of 14645?
1
What is the tens digit of 5308?
0
What is the tens digit of 71991?
9
What is the hundreds digit of 24960?
9
What is the ten thousands digit of 83503?
8
What is the hundreds digit of 33348?
3
What is the hundreds digit of 132390?
3
What is the hundreds digit of 7336?
3
What is the thousands digit of 86300?
6
What is the units digit of 34630?
0
What is the tens digit of 5448?
4
What is the units digit of 3233?
3
What is the tens digit of 961?
6
What is the hundreds digit of 4433?
4
What is the units digit of 817?
7
What is the thousands digit of 16224?
6
What is the ten thousands digit of 17211?
1
What is the tens digit of 1112?
1
What is the hundreds digit of 513?
5
What is the hundreds digit of 781?
7
What is the thousands digit of 39048?
9
What is the hundreds digit of 71667?
6
What is the ten thousands digit of 27544?
2
What is the hundreds digit of 2365?
3
What is the ten thousands digit of 30293?
3
What is the units digit of 24575?
5
What is the units digit of 28960?
0
What is the thousands digit of 2036?
2
What is the hundreds digit of 1268?
2
What is the units digit of 2000?
0
What is the hundreds digit of 25090?
0
What is the hundreds digit of 3916?
9
What is the ten thousands digit of 71457?
7
What is the tens digit of 1071?
7
What is the hundreds digit of 23607?
6
What is the units digit of 7262?
2
What is the tens digit of 3276?
7
What is the thousands digit of 6161?
6
What is the thousands digit of 17485?
7
What is the thousands digit of 1033